ctor of 5709 and 14013?
519
Calculate the highest common divisor of 106336 and 32.
32
Calculate the greatest common factor of 162 and 521685.
9
What is the greatest common divisor of 337428 and 11284?
364
Calculate the highest common factor of 1456830 and 36.
18
Calculate the highest common divisor of 3512 and 1232.
8
Calculate the greatest common divisor of 650 and 1030.
10
Calculate the greatest common divisor of 60288 and 2688.
384
What is the highest common divisor of 336 and 61536?
48
What is the highest common divisor of 334553 and 873?
97
Calculate the greatest common divisor of 4572 and 3114.
18
What is the greatest common factor of 45 and 140355?
45
What is the greatest common divisor of 161 and 11879?
7
Calculate the greatest common divisor of 9 and 4157.
1
What is the greatest common divisor of 491016 and 615?
123
What is the greatest common divisor of 12446 and 117856?
254
Calculate the highest common factor of 228 and 15789.
57
What is the greatest common divisor of 21801 and 48?
3
What is the highest common divisor of 46272 and 31296?
192
Calculate the highest common divisor of 291186 and 126.
126
Calculate the highest common factor of 76957 and 82.
41
Calculate the greatest common divisor of 1040 and 5876.
52
What is the greatest common divisor of 29676 and 108?
12
What is the highest common factor of 676 and 51038?
338
Calculate the greatest common factor of 21 and 5691.
21
What is the greatest common divisor of 14628 and 1173?
69
Calculate the greatest common divisor of 87 and 209757.
87
Calculate the highest common factor of 4163 and 23299.
23
Calculate the highest common divisor of 2430 and 3555.
45
What is the greatest common factor of 7826 and 346021?
559
What is the highest common factor of 180105 and 30?
15
Calculate the greatest common factor of 4995 and 40.
5
What is the greatest common factor of 102580 and 460?
460
What is the greatest common factor of 708 and 20001?
177
Calculate the greatest common factor of 3248 and 3824.
16
What is the highest common divisor of 46 and 235957?
23
Calculate the highest common divisor of 73599 and 3.
3
What is the greatest common divisor of 219005 and 35?
5
What is the greatest common factor of 3 and 688110?
3
What is the greatest common factor of 2312 and 469064?
136
What is the highest common factor of 62153 and 14924?
91
Calculate the highest common divisor of 15226 and 138.
46
What is the highest common divisor of 80176 and 256?
16
Calculate the greatest common divisor of 28 and 249074.
14
Calculate the highest common divisor of 60825 and 16275.
75
Calculate the highest common divisor of 2180 and 1308.
436
What is the greatest common factor of 208 and 4498416?
208
What is the highest common divisor of 869582 and 28?
14
What is the greatest common divisor of 398484 and 9?
9
Calculate the highest common factor of 8211 and 1150023.
483
What is the highest common divisor of 638722 and 602?
602
Calculate the highest common divisor of 864 and 269712.
144
Calculate the greatest common factor of 13805 and 517.
11
What is the highest common divisor of 164 and 1537213?
41
Calculate the greatest common factor of 213 and 1105257.
213
What is the highest common factor of 65 and 23647?
13
Calculate the highest common divisor of 112 and 204596.
28
Calculate the highest common factor of 420 and 451465.
35
Calculate the greatest common factor of 140 and 847945.
35
Calculate the highest common divisor of 198 and 5181.
33
What is the greatest common factor of 11 and 836473?
11
Calculate the highest common factor of 4749172 and 592.
148
What is the highest common factor of 245 and 196?
49
Calculate the greatest common factor of 530 and 790.
10
Calculate the highest common divisor of 328 and 31693.
41
What is the highest common factor of 2520 and 150885?
315
What is the highest common factor of 196 and 4340?
28
Calculate the highest common divisor of 100395 and 1890.
45
Calculate the highest common factor of 774 and 2151.
9
What is the greatest common factor of 35735 and 210?
35
What is the highest common factor of 90983 and 111?
37
What is the greatest common factor of 298071 and 387?
9
What is the highest common factor of 24056 and 40?
8
What is the greatest common divisor of 2109 and 13851?
57
What is the highest common factor of 250 and 250000?
250
What is the greatest common divisor of 1624 and 33544?
56
Calculate the highest common factor of 7233 and 9.
3
What is the greatest common factor of 4130 and 236530?
70
What is the highest common divisor of 198709 and 7?
7
What is the greatest common factor of 111720 and 195?
15
Calculate the highest common factor of 18 and 17547.
3
What is the greatest common factor of 256711 and 2914?
31
What is the highest common divisor of 23562 and 36?
18
What is the greatest common factor of 12 and 300324?
12
Calculate the highest common divisor of 8771728 and 578.
578
What is the greatest common factor of 272 and 12656?
16
Calculate the highest common divisor of 87669 and 117.
9
Calculate the greatest common divisor of 1815 and 23837.
121
What is the highest common factor of 399 and 407379?
399
What is the greatest common divisor of 136 and 1812?
4
What is the greatest common divisor of 605 and 7205?
55
What is the greatest common factor of 53537 and 22?
11
Calculate the highest common factor of 47812 and 20.
4
Calculate the greatest common factor of 1674 and 99138.
186
Calculate the greatest common factor of 6 and 16818.
6
Calculate the highest common divisor of 6176 and 38986.
386
Calculate the greatest common factor of 17916 and 204.
12
Calculate the highest common factor of 12 and 14109.
3
Calculate the greatest common factor of 21 and 129.
3
Calculate the greatest common divisor of 493 and 66497.
29
Calculate the greatest common divisor of 40 and 476435.
5
What is the greatest common factor of 69636 and 21?
21
Calculate the highest common factor of 153904 and 256.
16
Calculate the highest common factor of 24182 and 678.
226
Calculate the greatest common divisor of 5775 and 71715.
105
What is the greatest common factor of 289728 and 576?
576
Calculate the greatest common factor of 5524 and 4.
4
What is the greatest common divisor of 32285 and 6765?
55
What is the greatest common factor of 276 and 1662?
6
Calculate the highest common divisor of 7122384 and 432.
432
Calculate the greatest common divisor of 28 and 16142.
14
Calculate the greatest common factor of 1169 and 6041.
7
Calculate the greatest common divisor of 2195 and 780.
5
Calculate the greatest common divisor of 2388 and 84.
12
Calculate the greatest common divisor of 82180 and 420.
140
What is the greatest common divisor of 91 and 16666?
13
Calculate the greatest common factor of 37 and 3902834.
37
What is the highest common divisor of 550 and 29986?
22
What is the greatest common divisor of 57408 and 20631?
897
Calculate the greatest common divisor of 118584 and 976.
488
What is the greatest common divisor of 4842 and 1454214?
1614
Calculate the highest common divisor of 105248 and 13.
13
What is the greatest common divisor of 1131566 and 2344?
586
What is the greatest common factor of 559535 and 38096?
2381
Calculate the greatest common factor of 622 and 2688.
2
What is the highest common factor of 117 and 25101?
9
Calculate the highest common factor of 107597 and 49.
7
Calculate the greatest common divisor of 2337 and 13161.
123
Calculate the greatest common factor of 716394 and 3885.
777
What is the highest common factor of 26 and 5350904?
26
What is the highest common factor of 232 and 2456?
8
What is the greatest common factor of 82894 and 3438?
382
Calculate the highest common divisor of 891 and 723.
3
What is the greatest common divisor of 45930 and 75?
15
What is the highest common divisor of 8247 and 15?
3
What is the greatest common divisor of 4347 and 10325?
7
Calculate the greatest common factor of 101 and 14.
1
What is the highest common factor of 5187 and 2288?
13
Calculate the highest common factor of 389777 and 1636.
409
What is the highest common factor of 6665 and 74059?
31
What is the greatest common divisor of 5042745 and 5?
5
Calculate the greatest common factor of 95688 and 1638.
18
Calculate the greatest common divisor of 335 and 400660.
335
What is the highest common